1786292 a multiple of 4?
True
Does 27 divide 120516444?
True
Is 492 a factor of 147232531?
False
Is 4215321071 a multiple of 954?
False
Is 648 a factor of 184486248?
True
Does 16 divide 3157033?
False
Does 1434 divide 997990866?
True
Is 13 a factor of 28692353?
False
Does 22 divide 23840190?
True
Is 25854893 a multiple of 5?
False
Is 21652756 a multiple of 164?
True
Is 3053398362 a multiple of 1018?
True
Is 23310693 a multiple of 7?
True
Is 74 a factor of 263848741?
False
Does 34 divide 711426886?
False
Is 77556050 a multiple of 1439?
False
Is 24807356 a multiple of 89?
False
Is 3439 a factor of 1007247804?
False
Is 3102540 a multiple of 140?
True
Is 1160 a factor of 23691540?
False
Is 35986772 a multiple of 47?
True
Is 21 a factor of 606681243?
True
Does 231 divide 775309322?
False
Is 303317784 a multiple of 567?
True
Is 5098 a factor of 1444817740?
False
Is 163386062 a multiple of 8?
False
Is 225 a factor of 10996650?
True
Is 108419584 a multiple of 1792?
True
Is 4 a factor of 37872636?
True
Is 24819700 a multiple of 452?
False
Is 841 a factor of 277306294?
True
Is 793312030 a multiple of 7166?
True
Is 1842549097 a multiple of 13?
False
Is 6 a factor of 712259491?
False
Is 4645 a factor of 352617225?
False
Does 123 divide 11099397?
True
Is 4897616 a multiple of 4?
True
Is 52348993 a multiple of 4?
False
Is 18 a factor of 8330763?
False
Does 187 divide 118202700?
True
Does 669 divide 216317805?
True
Is 79 a factor of 138204755?
False
Is 206 a factor of 2178862?
True
Does 2429 divide 1021296886?
False
Is 1168067 a multiple of 53?
True
Is 320 a factor of 211693329?
False
Is 235 a factor of 61162208?
False
Is 167528697 a multiple of 3563?
True
Is 556739790 a multiple of 4465?
False
Is 5 a factor of 208015357?
False
Is 1253362528 a multiple of 484?
True
Does 2752 divide 586154955?
False
Is 14822132 a multiple of 58?
True
Does 3702 divide 2921026080?
True
Is 1268574683 a multiple of 23?
True
Is 46725004 a multiple of 120?
False
Is 278 a factor of 82485057?
False
Is 29317013 a multiple of 8?
False
Does 80 divide 120627993?
False
Does 1154 divide 435459592?
True
Does 234 divide 78472707?
False
Is 246 a factor of 61422756?
True
Does 2398 divide 45940884?
True
Is 13757520 a multiple of 120?
True
Does 2094 divide 1669764737?
False
Is 3571 a factor of 27863117?
False
Is 9 a factor of 38183040?
True
Is 319002965 a multiple of 97?
False
Is 35624456 a multiple of 124?
True
Does 1897 divide 32723061?
False
Is 30 a factor of 788481994?
False
Is 207697938 a multiple of 5523?
True
Is 1014810588 a multiple of 2298?
True
Does 11 divide 693532398?
False
Is 46 a factor of 38941277?
False
Does 479 divide 137376242?
True
Is 24 a factor of 2026168632?
True
Is 27 a factor of 15683017?
False
Is 3139 a factor of 40872919?
True
Is 10496416 a multiple of 329?
True
Is 1783 a factor of 2847536584?
True
Does 5 divide 12168124?
False
Is 7738546972 a multiple of 2678?
True
Is 241032853 a multiple of 1819?
False
Is 4185472115 a multiple of 25?
False
Is 46 a factor of 259321638?
False
Is 4811733 a multiple of 910?
False
Is 4173550452 a multiple of 438?
True
Does 1856 divide 44170847?
False
Does 11 divide 361892685?
True
Does 293 divide 70430754?
True
Does 1833 divide 256154418?
True
Is 173 a factor of 60146205?
False
Is 3277 a factor of 3091741359?
True
Does 1236 divide 316572972?
True
Is 471057539 a multiple of 84?
False
Is 19 a factor of 389523108?
False
Does 8739 divide 111090168?
True
Does 21 divide 1068179133?
True
Does 2111 divide 53235771?
False
Is 283 a factor of 24989183?
True
Is 38457084 a multiple of 982?
True
Is 36970735 a multiple of 514?
False
Is 521 a factor of 369863110?
True
Is 485615465 a multiple of 28?
False
Is 5408 a factor of 757428256?
True
Does 305 divide 68101315?
True
Does 26 divide 21278296?
True
Is 1656 a factor of 192140712?
True
Is 51064191 a multiple of 26?
False
Does 10 divide 21522480?
True
Does 56 divide 182763960?
False
Does 1050 divide 5201700?
True
Is 11 a factor of 27045029?
True
Is 12974985 a multiple of 243?
True
Is 13270919 a multiple of 899?
False
Is 105913551 a multiple of 776?
False
Is 4124496822 a multiple of 122?
True
Is 1039 a factor of 2496746?
False
Does 12 divide 46133935?
False
Does 3121 divide 1328494223?
True
Does 13 divide 200574790?
True
Is 249 a factor of 1856485167?
False
Does 3643 divide 4802883841?
True
Does 8192 divide 778042699?
False
Is 38898882 a multiple of 2912?
False
Does 3 divide 6944915?
False
Is 86629038 a multiple of 6?
True
Does 87 divide 19302342?
True
Does 5 divide 891834?
False
Is 2396 a factor of 125615092?
True
Does 2609 divide 496500404?
False
Is 3987 a factor of 142164459?
True
Is 517 a factor of 21152400?
False
Is 69 a factor of 2609972127?
True
Is 4386525 a multiple of 952?
False
Is 343 a factor of 1708483?
True
Is 243059923 a multiple of 2?
False
Is 7130640 a multiple of 292?
True
Is 6463667 a multiple of 3?
False
Is 9 a factor of 3696811587?
True
Is 267750399 a multiple of 7?
True
Is 8 a factor of 17478851?
False
Does 842 divide 735758966?
True
Is 29 a factor of 1977039040?
True
Is 14451580 a multiple of 815?
True
Does 1901 divide 21500310?
True
Is 878056 a multiple of 49?
False
Does 127 divide 148613872?
False
Does 26 divide 690756565?
False
Does 12 divide 24107816?
False
Is 39714389 a multiple of 1243?
False
Is 61 a factor of 10007083?
False
Does 1053 divide 27479761?
False
Is 32 a factor of 174669839?
False
Is 556006716 a multiple of 380?
False
Does 4 divide 314278724?
True
Is 344971588 a multiple of 3063?
False
Does 135 divide 40255245?
True
Is 41557385 a multiple of 11?
False
Is 203 a factor of 367448407?
False
Does 205 divide 355758230?
True
Is 2211808 a multiple of 8?
True
Is 8638780 a multiple of 4?
True
Is 4218 a factor of 211187789?
False
Does 2 divide 8853502?
True
Is 18 a factor of 213682950?
True
Is 132576895 a multiple of 47?
True
Is 371 a factor of 273735607?
False
Is 58987820 a multiple of 1339?
False
Is 6553596 a multiple of 1281?
True
Is 465 a factor of 1462486324?
False
Is 393 a factor of 427212895?
False
Does 249 divide 44060301?
True
Is 233981541 a multiple of 3?
True
Is 680 a factor of 159343616?
False
Is 1454420440 a multiple of 8?
True
Is 3 a factor of 90141466?
False
Is 9271 a factor of 264496123?
False
Is 6434274 a multiple of 462?
True
Does 20 divide 545673960?
True
Is 58174901 a multiple of 3020?
False
Is 390 a factor of 16692041?
False
Is 133448155 a multiple of 41?
False
Does 730 divide 19542679?
False
Does 49 divide 957518261?
True
Does 334 divide 35954152?
False
Is 12 a factor of 208176024?
True
Is 23 a factor of 11342013?
True
Does 936 divide 277543656?
True
Is 305541237 a multiple of 546?
False
Is 21 a factor of 10723430?
False
Is 25 a factor of 183082300?
True
Is 666 a factor of 50727878?
False
Does 28 divide 580106037?
False
Is 2035 a factor of 184592178?
False
Is 71 a factor of 1867651924?
False
Is 876029459 a multiple of 2670?
False
Does 60 divide 36311941?
False
Does 31 divide 25325554?
False
Is 8505181 a multiple of 235?
False
Is 48469665 a multiple of 328?
False
Is 58092120 a multiple of 171?
True
Is 229855815 a multiple of 45?
True
Is 26 a factor of 237583190?
True
Is 10 a factor of 3103001330?
True
Is 991852100 a multiple of 50?
True
Does 5811 divide 146464148?
False
Is 49558514 a multiple of 87?
False
Is 425 a factor of 35694475?
True
Is 129412712 a multiple of 143?
True
Is 21330135 a multiple of 103?
False
Is 894 a factor of 136611365?
False
Is 59 a factor of 290978682?
False
Is 16974612 a multiple of 97?
True
Does 143 divide 11975678?
True
Is 1787 a factor of 2936895186?
True
Is 87 a factor of 135656205?
False
Is 64246200 a multiple of 20?
True
Does 459 divide 52610580?
True
Does 19 divide 8723215?
False
Is 28 a factor of 44526036?
False
Does 425 divide 4276026?
False
Is 39 a factor of 549551113?
False
Does 35 divide 88994901?
False
Is 83327893 a multiple of 28?
False
Does 6 divide 78378551?
False
Is 10 a factor of 3235037?
False
Does 1923 divide 3507961599?
True
Does 1800 divide 653302800?
True
Is 382385551 a multiple of 2971?
False
Does 1245 divide 15542112?
False
Is 447 a factor of 247538766?
True
Is 119196960 a multiple of 48?
True
Is 7339 a factor of 3719532021?
False
Does 18 divide 18910674?
True
Is 1622940368 a multiple of 112?
True
Does 238